est common divisor of 78 and 64596.
6
What is the greatest common factor of 176 and 26078?
2
Calculate the highest common divisor of 278657 and 118.
59
Calculate the greatest common divisor of 32543 and 7.
7
Calculate the highest common factor of 250257 and 18226.
701
Calculate the highest common factor of 70 and 71430.
10
Calculate the highest common factor of 2928 and 4209.
183
What is the highest common factor of 32850 and 6?
6
What is the greatest common factor of 14620 and 340?
340
What is the highest common factor of 203278 and 67?
67
What is the highest common divisor of 159133 and 26?
13
What is the highest common divisor of 65 and 405665?
65
What is the highest common factor of 4264 and 656?
328
Calculate the highest common factor of 55 and 301235.
55
Calculate the highest common divisor of 160 and 12955.
5
Calculate the highest common divisor of 41846 and 62.
2
What is the highest common factor of 5819 and 1104?
23
What is the greatest common divisor of 4117 and 1611?
179
Calculate the greatest common factor of 44 and 1366.
2
What is the highest common factor of 742569 and 381?
381
What is the highest common factor of 567 and 258111?
63
What is the highest common divisor of 297 and 2443419?
297
Calculate the greatest common factor of 126 and 190204.
14
What is the highest common divisor of 5376 and 5082?
42
Calculate the greatest common factor of 230 and 4328945.
115
Calculate the highest common factor of 34216 and 49679.
329
Calculate the greatest common factor of 41 and 11329.
1
What is the greatest common factor of 5264 and 439168?
752
Calculate the greatest common divisor of 5448 and 15436.
908
What is the greatest common factor of 2788400 and 50?
50
What is the greatest common factor of 27 and 110997?
27
Calculate the highest common factor of 1 and 549917.
1
What is the greatest common factor of 4074 and 1626?
6
What is the greatest common divisor of 32 and 2728?
8
Calculate the greatest common factor of 698580 and 20.
20
What is the highest common divisor of 105 and 10683?
3
Calculate the greatest common factor of 42310 and 50.
10
What is the highest common factor of 29727 and 6723?
81
Calculate the greatest common divisor of 113 and 40567.
113
What is the highest common factor of 928 and 22736?
464
What is the greatest common factor of 742 and 178822?
742
Calculate the highest common divisor of 25296 and 2015.
31
Calculate the greatest common factor of 70 and 1025.
5
What is the greatest common factor of 327938 and 416?
26
What is the highest common divisor of 178888 and 26904?
472
What is the greatest common factor of 21 and 551698?
7
Calculate the greatest common factor of 1944 and 48816.
216
Calculate the greatest common divisor of 12192 and 16383.
381
What is the greatest common divisor of 41673 and 261?
87
Calculate the highest common divisor of 1870908 and 192.
12
Calculate the highest common factor of 11026386 and 21.
21
What is the highest common factor of 80443 and 220?
11
Calculate the greatest common divisor of 5327 and 91.
7
Calculate the highest common factor of 126 and 150255.
63
What is the greatest common factor of 91 and 13048?
7
Calculate the greatest common factor of 5217 and 2256.
141
Calculate the highest common divisor of 145140 and 4.
4
What is the greatest common divisor of 64 and 71840?
32
What is the greatest common divisor of 1581 and 34?
17
What is the highest common divisor of 40489 and 19?
19
Calculate the highest common divisor of 110 and 2304742.
22
What is the highest common divisor of 19 and 422009?
19
Calculate the greatest common divisor of 3084 and 804.
12
What is the greatest common factor of 11880 and 17226?
594
What is the highest common factor of 288 and 19134?
18
Calculate the highest common factor of 2973 and 93.
3
What is the greatest common factor of 1094951 and 507?
169
Calculate the greatest common divisor of 12 and 425736.
12
Calculate the highest common divisor of 1024 and 415232.
512
What is the highest common factor of 293532 and 976?
244
Calculate the highest common divisor of 2700 and 120420.
540
What is the greatest common factor of 148 and 392570?
74
What is the highest common divisor of 10506 and 30?
6
Calculate the greatest common factor of 3174 and 15824.
46
Calculate the highest common factor of 24735 and 136.
17
Calculate the greatest common factor of 72 and 448968.
24
What is the greatest common divisor of 96912 and 90?
18
What is the highest common factor of 40 and 269470?
10
Calculate the highest common factor of 209256 and 18.
6
Calculate the highest common divisor of 271070 and 810.
10
Calculate the highest common factor of 1872 and 178191.
117
What is the greatest common factor of 81820 and 180?
20
Calculate the highest common factor of 544 and 31042.
34
What is the greatest common divisor of 2180 and 275116?
436
Calculate the highest common divisor of 960 and 150000.
240
Calculate the greatest common factor of 101 and 275023.
101
What is the highest common divisor of 7560 and 254100?
420
What is the greatest common divisor of 551 and 49213?
29
Calculate the greatest common divisor of 26622 and 192.
6
Calculate the highest common divisor of 19250 and 49280.
770
What is the greatest common factor of 31 and 1364527?
31
Calculate the greatest common divisor of 588 and 56532.
84
What is the greatest common factor of 7872 and 960?
192
What is the greatest common divisor of 279 and 56172?
93
What is the highest common factor of 343 and 13622?
49
What is the highest common factor of 236919 and 906?
453
Calculate the greatest common divisor of 597870 and 252.
126
Calculate the highest common divisor of 1957 and 376774.
103
Calculate the greatest common factor of 228991 and 63.
7
Calculate the highest common factor of 90972 and 11191.
361
What is the highest common factor of 1913982 and 126?
42
What is the greatest common divisor of 127 and 107?
1
What is the greatest common divisor of 1394617 and 35?
7
Calculate the greatest common factor of 5 and 61595.
5
What is the greatest common divisor of 260 and 17620?
20
Calculate the greatest common divisor of 1444 and 49628.
76
Calculate the greatest common divisor of 483 and 16744.
161
Calculate the greatest common factor of 2706 and 17466.
246
Calculate the greatest common divisor of 160 and 22160.
80
Calculate the highest common divisor of 8550 and 1150.
50
What is the greatest common divisor of 525 and 550?
25
What is the highest common divisor of 47038 and 27202?
58
What is the greatest common factor of 920 and 3979?
23
Calculate the greatest common factor of 2408 and 2152451.
301
Calculate the highest common factor of 65752 and 8.
8
Calculate the greatest common divisor of 21610 and 10.
10
Calculate the highest common factor of 44717 and 485.
97
What is the highest common divisor of 329505 and 264?
33
Calculate the highest common factor of 227836 and 412.
412
Calculate the highest common factor of 2555 and 504065.
365
What is the greatest common divisor of 799 and 499657?
47
What is the greatest common divisor of 2533 and 4321?
149
Calculate the highest common factor of 3950 and 3397.
79
Calculate the highest common factor of 546056 and 160.
8
What is the greatest common divisor of 725 and 10121?
29
Calculate the greatest common factor of 2790 and 70470.
90
Calculate the highest common divisor of 23361 and 39.
39
What is the greatest common factor of 495866 and 14?
14
What is the greatest common factor of 71655 and 1785?
255
Calculate the greatest common divisor of 36216 and 144.
72
Calculate the greatest common factor of 90 and 614310.
30
Calculate the greatest common divisor of 11913 and 33.
33
Calculate the highest common divisor of 253 and 484.
11
What is the highest common factor of 46151 and 817?
19
Calculate the greatest common divisor of 369 and 99589.
41
What is the greatest common factor of 83 and 1291?
1
Calculate the highest common divisor of 13470 and 5010.
30
Calculate the greatest common divisor of 1680 and 255.
15
Calculate the highest common factor of 18 and 62860.
2
What is the greatest common divisor of 3753 and 1242?
27
What is the greatest common divisor of 5083 and 6409?
221
What is the highest common factor of 15424 and 832?
64
What is the highest common factor of 7400 and 7992?
296
What is th